-2)/b. What are the prime factors of (n/3)/((-10)/105)?
2, 7
Let i be 4/(-18) - 5815/(-45). Let k = i + 45. What are the prime factors of (-33)/(-22) - k/(-4)?
3, 5
List the prime factors of -3 - (-105 - (3 + 1) - -1).
3, 5, 7
Let a(o) = o**3 - 3*o**2 - 10*o + 58. List the prime factors of a(6).
2, 53
Suppose -3*p + 2*i - 6 = 0, 3*p + i = -3*i - 6. Let a be (-164)/(-12) + p/3. Let z = a + -5. List the prime factors of z.
2
Suppose 4*i - 940 = -2*v, -v = -2*i - 5*v + 470. Suppose 128 + i = 3*p. What are the prime factors of p?
11
Suppose 4*y + 4244 = 7*y + 4*w, -3*w + 7055 = 5*y. List the prime factors of y.
2, 11
Suppose -3*l - 5*u = -6, -l - 3*l + 8 = 4*u. Let t(q) = 2*q**3 - 3*q**2 + q - 3. What are the prime factors of t(l)?
3
Let r(v) = 8*v**2 + 7*v - 42. List the prime factors of r(16).
2, 3, 353
Suppose 28 = 2*j - 986. List the prime factors of j.
3, 13
Suppose 2*x = 2*w - 0*w + 10, 4*w - x = -17. Let a(p) = -p - 4. Let c be a(w). Suppose c = 4*l + 14 - 102. What are the prime factors of l?
2, 11
Suppose 46*x - 27337 = 48793. What are the prime factors of x?
5, 331
Let m(k) = -k + 4. Let i be m(1). Let t(b) = 78*b + 6. What are the prime factors of t(i)?
2, 3, 5
Let s be -2 + -1 + 7 + 22. Suppose -s = -z + 4. List the prime factors of z.
2, 3, 5
Suppose -g - 9*n = -14*n - 19, 0 = n. List the prime factors of g.
19
Let f(n) = 2*n**3 + 2*n**2 - n - 1. Let q = 26 + -8. Suppose 5*h - 3*z = 10 + 9, 4*z = 3*h - q. List the prime factors of f(h).
3, 7
Let a(u) = -91*u - 3. List the prime factors of a(-6).
3, 181
Suppose 2*u - 5*n = 87 + 305, -n = 4*u - 762. What are the prime factors of u?
191
List the prime factors of -20*10/(-160) + 2831/4.
709
Let r(c) = -17*c**2 + 4 + 0*c**3 + 9*c**3 + c - 4*c**3 - 4*c**3. What are the prime factors of r(17)?
3, 7
Suppose -6*q - 223 = -961. Let s = q + 35. What are the prime factors of s?
2, 79
Suppose -10*t + 12214 = -5966. List the prime factors of t.
2, 3, 101
Let j = -150 - -217. Suppose j = o + c, 0*o = o - c - 59. List the prime factors of o.
3, 7
Let y = -907 - -2455. List the prime factors of y.
2, 3, 43
Let q = -22 + 36. Suppose q*p = 12*p + 268. List the prime factors of p.
2, 67
Let t(y) = 11*y + 2. Let v(m) = -m**3 + 9*m**2 + 8. Let a be v(9). What are the prime factors of t(a)?
2, 3, 5
Let b(y) = y + 1. Let q be b(4). Suppose 5*m - 5*p = 340, -q*m + 387 = p + 17. What are the prime factors of m?
73
Let s = 410 - 54. What are the prime factors of s?
2, 89
Suppose -4 = 4*g - 16. List the prime factors of (g/9)/((-2)/(-114)).
19
Let z(y) = -10*y - 2. Let s(g) = g**3 + 5*g**2 - 5*g - 9. Let x be s(-5). Let f be z(x). Let i = -87 - f. List the prime factors of i.
3, 5
Suppose 31 = c + 2*l, c - 4*l = 5*c - 136. Suppose 19 - 6 = -b. Let a = c + b. What are the prime factors of a?
2, 3
Suppose -y + 2*x - 5*x + 742 = 0, 3*y + 5*x - 2242 = 0. List the prime factors of y.
2, 13, 29
Suppose a + a + 5*m - 31 = 0, -4*m + 32 = 2*a. Suppose a = f - 24. What are the prime factors of f?
2, 3, 7
Let x(u) = 54*u - 5. Let o be x(-2). Let a = -65 - o. What are the prime factors of a?
2, 3
Let t(v) = 16*v + 197. What are the prime factors of t(24)?
7, 83
Suppose 2*r = -0*q + q + 276, 2*r - 4*q - 276 = 0. Let f = r - 51. Suppose 4*v + 4*o + 15 = f, 5*v - 70 = 5*o. What are the prime factors of v?
2
Let z be 3 + 69/(-12) - 3/(-4). What are the prime factors of (-1)/z + (-7)/(-2)?
2
Let i(c) = -c**2 - 7*c + 18. Let l be i(-8). Suppose l*a - 680 = 2*a. List the prime factors of a.
5, 17
List the prime factors of ((-3240)/42 + 7)*-7.
491
Let o be (-2)/(-4) - (-21)/6. Let s(k) = k - 4. Let z be s(o). Let d = z - -5. List the prime factors of d.
5
Let f be 16/(-1)*3/(-12). Suppose -f*r - 163 = 21. Let o = r + 80. What are the prime factors of o?
2, 17
Suppose 2*p - 552 = -3*b - p, 0 = -5*b - 3*p + 926. Let u = -95 + b. List the prime factors of u.
2, 23
Let x = 168 + -94. Let c = x - 29. What are the prime factors of c?
3, 5
Let d(k) = k**2 - k - 12. Let q be d(4). Suppose 3*c = -q*c + 1038. List the prime factors of c.
2, 173
Let x = -6 + 10. Suppose -4*b = -z + 3*z - 364, 0 = x*b + 3*z - 364. List the prime factors of b.
7, 13
Suppose 0 = -l + 2*l - 5*c - 1133, 0 = 2*l - c - 2311. What are the prime factors of l?
2, 3, 193
Let a(v) = -4*v**3 - 32*v**2 + 11*v + 15. List the prime factors of a(-10).
3, 5, 47
Let x(w) = w**2 - 4*w. Let d be x(-1). List the prime factors of (d/10)/(4/232).
29
Suppose -4*t = -5*w + 2, -t + 2*w - 6 = -2*t. Suppose -5*z = -6*z - 2*n + 103, -3*z + 349 = -t*n. List the prime factors of z.
113
Let i = -20 - -49. Suppose -2*d - 2*d - v = -i, -5*v + 17 = 4*d. Suppose -3*o + 56 = d. What are the prime factors of o?
2
Let d(s) = -s**2 - 14*s - 10. Let n = 14 - 25. What are the prime factors of d(n)?
23
Let a(h) be the third derivative of -h**4/8 + h**3/2 - 5*h**2. Let d be a(-1). What are the prime factors of 190/d + 2/(-3)?
31
Let h be 4/22 - (-2 + 27824/88). Let z = h + 491. What are the prime factors of z?
3, 59
Let b(c) = c**3 + 4*c**2 - 4*c + 7. Let d be b(-5). Suppose -225 = -3*o - 2*l, -150 = -d*o - 0*l + l. What are the prime factors of o?
3, 5
Let a be 8/(-40) - (-2)/10. Suppose -t + 0*t = a. Suppose 5*p - 2*g - g - 72 = t, -4 = -4*g. What are the prime factors of p?
3, 5
Suppose -2*r - 668 = -3242. Let f be 2/8 - r/(-52). Suppose j = f - 5. What are the prime factors of j?
2, 5
Let u = 5 - 31. Let r = u - -104. What are the prime factors of r?
2, 3, 13
Suppose 2*o + 0*o + 3*m - 40 = 0, 2*o - 36 = -m. Suppose -o*b + 12*b = -385. List the prime factors of b.
7, 11
Let y = 725 - 393. What are the prime factors of y?
2, 83
Suppose 5*j - 3*n = 7105, -3*n = 4*j + 633 - 6344. What are the prime factors of j?
2, 89
What are the prime factors of 5 - (-1 - -9) - -738?
3, 5, 7
Suppose w = 4 - 1. What are the prime factors of (3 - (5 - w))/(2/330)?
3, 5, 11
Let o(x) = -x**3 + 15*x**2 + 5*x - 23. What are the prime factors of o(13)?
2, 5, 19
Suppose -3*x = 4*d + 10, -4*d - 4 = 2*x + 8. Let l = d + 143. What are the prime factors of l?
139
Suppose 0 = -x + 4*o + 2070, -3*o - 27 = -39. What are the prime factors of x?
2, 7, 149
Let r(y) = y**2 + 3*y. Let z be r(-3). Suppose -8 = 2*w, z*v - 5*w = v - 59. What are the prime factors of v?
79
Let q(h) = -5 + 3*h + 0*h + 2. Let d be (-24)/(-36)*(-9)/(-2). What are the prime factors of q(d)?
2, 3
Let m = 16 + -13. Suppose m*p - 108 = -6*p. What are the prime factors of p?
2, 3
List the prime factors of (-1)/(-5) - (10976/(-20) + -6).
3, 5, 37
Let n(l) = -4*l**3 + 7*l - 69 + 5*l**3 + 8*l**2 - 3*l + 60. What are the prime factors of n(-7)?
2, 3
Suppose 0 = o - 3*o + 4, -5*j = -3*o - 179. Suppose -3*r = 4*a - 74, 5*r + 0*r - 112 = -a. Let l = j - r. What are the prime factors of l?
3, 5
Suppose 3*d = a + 8, -5*a - 20 + 0 = -5*d. Let l(n) = -20*n - 5. Let h be l(a). Suppose -r + 11 = z, 3*r = -r + 5*z + h. List the prime factors of r.
2, 5
Suppose u - 207 = -4*z, 0 = 3*u - 32*z + 36*z - 597. List the prime factors of u.
3, 5, 13
Let m = 248 + -46. What are the prime factors of m?
2, 101
Let n(v) = 8*v**3 + 2*v**2 - 8*v - 20. List the prime factors of n(5).
2, 3, 5, 11
Let k(x) = 27*x**2 - 27*x + 68. List the prime factors of k(6).
2, 439
Let f be -3*((-260)/3 - -1). Suppose 3*i + f = 2*g, -2*i - g = 2*g + 180. List the prime factors of i/(-3) + 3*-1.
2, 13
Suppose -761 = -5*j - 2*i, -767 = -5*j - 2*i - 2*i. Let f = j + -74. What are the prime factors of f?
7, 11
Let f(d) = -3*d**2 + d**2 - 4*d + d**2 + 70*d**3 + 1 - 46*d**3. List the prime factors of f(2).
181
Suppose 0 = 3*i - 4*v - 1352, v = 6*i - 2*i - 1781. List the prime factors of i.
2, 3, 37
Suppose -5*k + 9 - 4 = 0. Let j be k*69 + (2 - 5). Suppose 4*o - j = -2. List the prime factors of o.
2
Suppose -2*j - 2*j = 5*h - 121, 5*j = 2*h - 22. List the prime factors of h.
3, 7
Suppose -12*q - 131 = 625. Suppose 4*l = -3*b - 203 - 102, 5*b + 3*l + 501 = 0. Let s = q - b. What are the prime factors of s?
2, 3
Suppose -3*m = 8 + 4. List the prime factors of ((-10)/(-15))/(m/(-366)).
61
Let y(g) = 3*g**3 + 11*g**2 + 13*g + 21. Let t be y(-7). Let z = -364 - t. List the prime factors of z.
2, 7
Let r be (4 - -8)/3 + -3. Suppose -69 = -5*f + r. What are the prime factors of f?
2, 7
Let w(b) = b**3 - 11*b**2 + 10*b